5*y - 2*y - 3 + y**2. Suppose 25430*a = 25450*a - 120. Calculate z(a).
-27
Let l(q) = 45*q - 72. Let m(o) = -29*o + 47. Let z(g) = -11*l(g) - 17*m(g). Give z(-7).
7
Suppose 60 = 1399*k - 1411*k. Let o(u) = -10*u - 40. What is o(k)?
10
Let f(b) = -9 + 52*b + 42*b - 203*b + 54*b + 58*b. Calculate f(-13).
-48
Let z(m) = 6*m**2 - 6*m + 69. Let h(n) = -7*n**2 + 6*n - 71. Let o(q) = -5*h(q) - 6*z(q). Let a(b) be the first derivative of o(b). What is a(4)?
-2
Let m(v) be the second derivative of -17/6*v**3 + 0 - 53*v + 1/12*v**4 + v**2. Determine m(17).
2
Let z(q) = 23129*q**3 - 11565*q**3 - 11565*q**3 + 29 - 8*q + 3*q**2 + 2*q**2. Determine z(4).
13
Let q(b) = -3*b - 13. Let t(r) = r - 5*r + 5*r - 232 + 269 + 8*r. Let d(l) = 8*q(l) + 3*t(l). What is d(9)?
34
Let o(b) be the first derivative of -b**4/4 - 4*b**3/3 - b**2 - 6*b - 1. Suppose 2*m - 16 = 4*i, 3*m = m - 4*i - 32. Calculate o(m).
2
Let q be (-2 - (-1)/3)*(-1 + -11). Suppose q = 12*h - 14*h. Let i = h - -6. Let o(b) = -b**2 - 3*b + 3. Calculate o(i).
-1
Suppose c + 2*t - 140 = 0, 12 = -9*t + 13*t. Let m = c - 140. Let k(z) = -2*z - 4. Let s(j) = -1. Let r(g) = -k(g) - 2*s(g). What is r(m)?
-6
Let g(o) be the second derivative of -2*o**3/3 + o**2/2 + o - 287. What is g(7)?
-27
Let z(x) = -11*x - 230. Let j be z(-21). Let v(k) = 3*k**3 + k**2 + 2*k**3 - 1 - 3*k**3 + 13*k**3. What is v(j)?
15
Let v = -4 - 0. Let q(j) = 5*j**2 + 3. Let t(o) = 4 + 0*o - o + 2*o**2 + 4*o**2. Let z(f) = v*q(f) + 3*t(f). Determine z(-2).
-2
Let u(h) be the second derivative of h**4/12 + 3*h**3 + 39*h**2/2 + 5*h - 242. What is u(-17)?
22
Let q(u) = u**2 + 8*u + 6. Let o = -884 + 892. Let d(m) = -2*m**2 + 4*m + 88. Let y be d(o). Give q(y).
6
Let g(y) be the first derivative of 1/120*y**5 + 0*y - 5/3*y**3 + 13 + 0*y**2 + 11/24*y**4. Let p(x) be the third derivative of g(x). What is p(-5)?
6
Let g(c) = 16*c**2 - 34*c + 93. Let q(s) = -5*s**2 + 12*s - 31. Let h(v) = -4*g(v) - 13*q(v). What is h(18)?
-5
Let k(c) = -3708*c + 105 - 3734*c + 7434*c. Give k(14).
-7
Let o(m) = 4*m**2 - 3*m. Let z(k) = -9*k**2 + 7*k. Suppose -a = -6*a + 25. Let c(r) = a*o(r) + 2*z(r). Determine c(-1).
3
Suppose 13*n + 8*n = -6*n + 702. Let q(t) = -t**3 + 25*t**2 + 24*t + 49. What is q(n)?
-3
Let f be 64/5*(-170)/(-4). Suppose 555 - f = n. Let w(z) = -z - 11. Give w(n).
-22
Let a(l) = l**3 - 10*l**2 - 63*l - 169. Let t be a(15). Let i(x) = 52*x - 570. Calculate i(t).
2
Let w(k) = -29*k + 8*k**3 + 1 + 16*k + 14*k**2 - 16*k**3 + 3*k**3 + 4*k**3. What is w(13)?
1
Let t(l) = -151*l + 157. Let a(p) = -22*p. Let n(j) = 6*a(j) - t(j). Calculate n(8).
-5
Let s = -900 + 898. Let q(h) = -h**3 - 3*h**2 - 2. Calculate q(s).
-6
Suppose -4*x - 16 + 48 = 0. Suppose 85 = 13*l - x*l. Suppose -u - l = -16. Let w(h) = 4*h**2 + 2*h + 1. Give w(u).
3
Let u(i) be the second derivative of 10*i**2 + 1/3*i**3 - 166*i + 0. What is u(-10)?
0
Let u(q) = -q**2 + 3*q + 9. Suppose 19*r - 44 = -3*r. Suppose r*z - 3*y = -5*y + 14, 4*z = 2*y + 10. Determine u(z).
5
Suppose -24 = 3*r - 2*x - 63, -4*x + 36 = 0. Let w(z) = -8*z + 169. Give w(r).
17
Let h = -94 - -96. Let c(w) = 31*w - 41*w + 9*w**2 + h*w**2 + 3 - w**3. What is c(10)?
3
Let s(n) = -778*n - 781*n - 14 - n**2 + 1543*n. Give s(-16).
-14
Let x be 36 + -34 - ((-6)/(-2) - 7). Let r(l) = 2*l**2 - 20*l + 10. Determine r(x).
-38
Suppose 25*t - 24 = 21*t. Let u(k) = 10*k**2 - 14*k**2 - 4 + 5*k**2 + t*k. Suppose -m - 13 = -6. What is u(m)?
3
Suppose 0 = 3*v - 19 + 4. Let w(a) = 0*a**2 + 18*a**2 + a**3 + 4 - 3*a - 22*a**2. Calculate w(v).
14
Let m(s) = -5*s - 5. Let r(l) = -1. Let d(q) = m(q) - 6*r(q). Suppose -4*g = -2*h - 3*g - 8, 191 = h + 32*g. Determine d(h).
6
Let t(k) = -5*k + 64. Let y(v) = v + 11. Let i(w) = t(w) - 3*y(w). Give i(4).
-1
Let m = 20 + -15. Let s = m + -8. Let h(c) = -15*c + 5. Let g(w) = 3*w - 1. Let n(r) = 11*g(r) + 2*h(r). Determine n(s).
-10
Let i(j) = 10*j**3 + j**2. Suppose -12*x + 16*x + 540 = 0. Let o = x - -134. Determine i(o).
-9
Let g(t) = 45*t + 8. Let h(p) = 4*p**2 + 43*p + 8. Let m(u) = 2*g(u) - 3*h(u). Determine m(-3).
1
Let s(h) = h**3 - h**2 - 3*h - 1. Let r(d) = 2*d**3 - 5*d**2 - 7*d - 6. Let a(j) = r(j) - 4*s(j). What is a(2)?
-12
Suppose -5*d - 19 = -3*q + 34, 2*q + 4*d - 6 = 0. Let a(x) = -6*x - 8. Let n(b) = b + 2. Let m(f) = q*n(f) + 2*a(f). What is m(4)?
2
Let w be ((-1)/3)/(-2*(-6)/(-95148)). Let v(u) = 2643 + u**2 - w + 11*u. Give v(-9).
-18
Let i(n) = n**3 + n**2 - 7*n - 5. Let x = 5303 - 5306. Give i(x).
-2
Let t(r) be the second derivative of r**4/12 - r**3/6 + 26*r**2 + 3*r + 153. Give t(0).
52
Let p(t) = -t**3 + 2*t + 34. Let x be p(0). Let j(r) = -r - r**2 + x - 35 - 4*r. What is j(-5)?
-1
Let m(d) = 2*d**3 - 3*d**2 + 19. Let g(p) = p**3 - p**2 + 3. Let x be 1 + 2 + -6 + 0. Let b(i) = x*g(i) + m(i). Give b(0).
10
Let x = -117 + 119. Let w(q) = 3*q**2 + 4*q - 14. Let m be w(x). Let l(d) = -4*d**2 - 4*d + 5*d**2 + 10*d - 2*d**2 + 8. Determine l(m).
8
Let g(i) = 77*i - 1 - 90*i + 11*i. Let d be ((-9)/(-6))/(3/(-4)). What is g(d)?
3
Let i(w) = w. Let y be (-6)/(-8) + (-3)/(-12). Let x(a) = 5*a - 5. Let c(q) = y*x(q) - 6*i(q). Suppose 0*v - 4*v = -0*v. Calculate c(v).
-5
Let w(b) = -3 - 1 - 6*b - 3*b**2 + 4 - 1. Suppose -2*m = -3*f - 10, 0 = f - 2*m - 2*m. Determine w(f).
-25
Let z(p) = -p**3 - 9*p**2 - 6*p - 6. Let w(v) be the second derivative of -v**4/12 - 4*v**3/3 + 6*v**2 + 17*v. Let b be w(-10). Give z(b).
-22
Suppose -2*j - 50 + 56 = 0. Let k be (3 - 10) + -5 - j. Let w(d) = -d**2 - 14*d + 18. Determine w(k).
3
Let z(y) be the third derivative of -y**6/120 - 3*y**5/10 - 11*y**4/12 - 15*y**3 + 9476*y**2. Determine z(-17).
-5
Let q(i) = -22*i + 23*i - 10 + 9. Let d(v) be the second derivative of -v**3/6 - 2*v**2 - 4*v. Let j be d(-5). Determine q(j).
0
Let f = -100 + 27. Let i = -68 - f. Suppose -2*p - 10 = 0, -r - 21 = -3*r + i*p. Let q(y) = -9*y + 2. Determine q(r).
20
Let g be (((-27)/(-6))/(-3))/((-2)/476). Let x(v) = 10 - 8*v - g*v**2 + 350*v**2 + 3*v**3 - 2*v**3. Give x(8).
10
Let y(u) = -u**2 + 6*u + 53. Let s be y(9). Suppose -2*h - 2*x - 32 = 0, -s = -h + 3*h - x. Let r(t) = -t**2 - 14*t - 6. What is r(h)?
-6
Let j(r) = -3*r**2 + 0 + 15 - 2 - 5070*r + 5095*r. Determine j(9).
-5
Suppose -45*l = -11*l + 102. Let q(n) = -17*n - 9. Calculate q(l).
42
Let x(j) be the first derivative of -3*j**2 + 79 - 2*j + 1/3*j**3. Calculate x(4).
-10
Let h(c) = -6*c**2 - 10 - c**3 - 14 + 17*c**2 + 13*c + 16. Let z be ((-680)/(-272))/(10/48). Give h(z).
4
Let o(r) = 2*r. Let v(a) = -9*a - 2. Let y(f) = 5*o(f) + v(f). Let w(i) = -i + 2. Let n(g) = 2*w(g) + 6*y(g). What is n(7)?
20
Let n(r) = -3*r**2 - 17*r - 5. Let i(t) = t**2 + 6*t + 2. Let p(c) = 7*i(c) + 2*n(c). Calculate p(-9).
13
Suppose 574 - 604 = 15*j. Let w(n) = 2*n + 1. Determine w(j).
-3
Let g be ((-12)/18 - 2/6) + 14. Let l(n) = n**2 - 2*n**2 - g - 9*n - 10*n + 10*n. Determine l(-6).
5
Let a(m) be the first derivative of -12 - 1/2*m**3 - 1/60*m**5 + 7/24*m**4 - 3/2*m**2 + 0*m. Let k(j) be the second derivative of a(j). Calculate k(5).
7
Let o(r) be the first derivative of -9*r**2/2 + 147*r + 430. Determine o(16).
3
Let u(x) = -x + 10. Let g be u(8). Suppose 0*f = g*f - d + 4, 16 = -5*f + 4*d. Let v = 5 - f. Let r(y) = y**3 - 5*y**2 - y + 1. What is r(v)?
-4
Let n(i) = 2106*i**2 - 1 - 6300*i**2 + 2096*i**2 + 2097*i**2 - 7*i + 6. Let w be (2 - 1) + 5*-2. Determine n(w).
-13
Let t(y) be the first derivative of -y**4/12 + y**3/3 + 3*y**2/2 - 47*y + 7. Let j(i) be the first derivative of t(i). Give j(7).
-32
Let s(v) = -v**3 + 10*v**2 + 2*v - 12. Suppose f - 38*o + 36*o - 12 = 0, -3*f + 25 = 5*o. Calculate s(f).
8
Let o(i) = -i**2 - 4. Let x(z) = z**2 - 2. Let v be 2 + ((-20)/24 - 8/48). Let u(c) = v*o(c) + 2*x(c). What is u(6)?
28
Let m be -2 + (-1)/(-1) + -8. Let x = -6 - m. Let a(l) = 95*l - 3. Let s(h) = -222*h + 7. Let k(v) = -7*a(v) - 3*s(v). Calculate k(x).
3
Let o(g) = g - 10. Suppose 5*m + 3*r - 33 = 90, -5*m + 4*r + 116 = 0. Suppose -16*y + 136 = m. Calculate o(y).
-3
Let u(n) = -3*n**3 + 2*n - 4 + 0*n**3 + 4*n**3 - 7*n**2. Let r(m) = m**3 - 12*m**2 + 18*m + 27. Suppose 118 = 5*d + 68. Let o be r(d). What is u(o)?
10
Let y(z) = z**3 - 5*z**2 - 11*z + 7. Let i = -6 + 2. Let g(t) = -54855*t**3 - 8 + 5*t**2 + 7*t + 